 - 6 - 17, 0 = -4*t - 5*z + 33. Let d = t + r. Calculate the remainder when 8 is divided by d.
3
Let c = 1 - -25. Suppose 2*v = 3*v - 3. Suppose -5*r = -5*m + 80, -2*m + r + 72 = v*m. Calculate the remainder when c is divided by m.
12
Suppose 2*i - 210 = -4*i. Let w = 1 - -8. Calculate the remainder when i is divided by w.
8
Let x = -6 - -17. Suppose -36 = 26*p - 32*p. Calculate the remainder when x is divided by p.
5
Let a = 11 - 5. Suppose k + 5*m - 26 = 0, 3*m = 3*k - 2*k - 2. Calculate the remainder when k is divided by (-1 - (-14)/a)*3.
3
Let a(k) = 2*k + 1. Let o be a(1). Let u(h) = -h**3 + 5*h**3 - 6*h + 2 + 4*h**2 - 3*h**o. Calculate the remainder when 13 is divided by u(-5).
6
Let r be -1 + (-1)/((-4)/16). Suppose -6 = -r*i, -2*i + 11 + 9 = c. Let s = 28 + 18. Calculate the remainder when s is divided by c.
14
Let m(j) = j**2 + j + 3. Calculate the remainder when 42 + (-2)/((-1)/1) is divided by m(3).
14
Suppose -4*n + 88 = -100. Let b = -25 + n. What is the remainder when 42 is divided by b?
20
Let m = 61 + -42. Let r = m + 18. Calculate the remainder when r is divided by 13.
11
Suppose 17*v = 16*v. Let r = 5 + v. Let j = 15 - -3. What is the remainder when j is divided by r?
3
Let g = -1 - -17. Let s(j) = -48*j**3 + 2*j + 1. Calculate the remainder when s(-1) is divided by g.
15
Suppose 4 = 2*c - 0*k - 4*k, 0 = -3*c - 4*k - 4. Suppose -v + 0 - 4 = c, -3*q + 3*v + 15 = 0. What is the remainder when 2 is divided by q?
0
Let f be (-2)/3 + (-41)/(-3). Let d = f + -5. Calculate the remainder when 14 is divided by d.
6
Let f = 5 - 5. Let v be f/((-2)/(-4)*-6). Suppose -4*t + 2*j = -2*t - 50, 5*t - 2*j - 122 = v. Calculate the remainder when t is divided by 9.
6
Suppose 0 = 2*y - 4*o - 14 - 16, o = -4. Calculate the remainder when 16 is divided by y.
2
Let u(t) = -t**2 - 4*t + 1. Let q be u(-4). Suppose -4*o + 9 = w, w - 3*o = o + q. Suppose 3*b - w*b + 74 = 0. What is the remainder when b is divided by 13?
11
Let i = 35 - 19. Calculate the remainder when (-232)/(-5) + 2/(-5) is divided by i.
14
Suppose r - 4*r + 5*b = -103, -3*r + 2*b = -115. Calculate the remainder when r is divided by 11.
8
What is the remainder when (11/(-3))/(2/(-18)) is divided by (1/(-2))/((-9)/216)?
9
Let m = 31 + -18. Let a = m - 4. Calculate the remainder when 15 is divided by a.
6
Let j(t) = t**2 + 3*t + 1. Calculate the remainder when j(-3) is divided by 8/(-10) + 18/10.
0
Let q(i) = 10*i - 4. Let m be q(4). Suppose m = -5*j - 4. Calculate the remainder when (j/6)/(2/(-9)) is divided by 4.
2
Let m be -3 + 3 + 0 - 4. Let n be (423/(-6))/(2/m). Suppose -4*p + p + n = 0. Calculate the remainder when p is divided by 16.
15
Suppose 0 = i - 4 + 1. Suppose q = -i*q + 20. What is the remainder when 29 - 5/(q/(-2)) is divided by 11?
9
Let b = 9 - 6. What is the remainder when 6 is divided by b?
0
Let t(z) = 3*z - 35. What is the remainder when 101 is divided by t(16)?
10
Suppose -2*f = 4*d - 7*f, -4*f = 2*d. Suppose j - 37 - 28 = d. What is the remainder when j is divided by 17?
14
Suppose 3*v - 8*v = 3*t - 34, 0 = -2*t + 2*v + 12. Let c be ((-160)/t)/((-2)/4). Let f = c + -14. Calculate the remainder when f is divided by 14.
12
Let f(k) be the first derivative of k**2 - 8*k - 6. What is the remainder when 46 is divided by f(10)?
10
Let f = 5 + 19. Let d = f - 15. Calculate the remainder when -2 - (-2 - 15) - 0 is divided by d.
6
Suppose 0 = -16*m + 184 - 56. Let p(z) = -37*z**3 - z**2 + 1. What is the remainder when p(-1) is divided by m?
5
Suppose -m + 118 = 22. Let d = m + -41. What is the remainder when d is divided by 19?
17
Suppose 5*i + 102 = 4*p, 5*p - 60 = i + 57. Let c be (-15)/(-6)*(-4)/(-5). What is the remainder when p is divided by (-4)/5*(-17 + c)?
11
Suppose 0 = 4*k - 22 - 42. Calculate the remainder when 30 is divided by k.
14
Suppose 2*s = n - 63, -s = 5*n + 4*s - 240. Calculate the remainder when n is divided by 19.
15
Suppose -3*j - 4 = -5*k, 4*j - 3 = 7*k - 2*k. Calculate the remainder when 27 is divided by j.
6
Suppose 2*l - 488 = -5*i, 12 = i - 5*l - 91. What is the remainder when i is divided by 33?
32
Suppose m - 2*q - 8 = 0, 2*m - 65 + 4 = -5*q. Suppose m = -0*o + 3*o. Calculate the remainder when 17 is divided by o.
5
Suppose 0 = z - 2*r - 3*r - 55, -2*z - 4*r + 68 = 0. Calculate the remainder when z is divided by 11.
7
Let h = 2 + 3. What is the remainder when (-1)/(-9) + 806/117 is divided by h?
2
Let x = -10 + 12. Suppose -114 = -x*w - 12. What is the remainder when w is divided by 26/(-2)*(0 - 1)?
12
Let b = 18 - 13. What is the remainder when (-2040)/(-153) + (-1 + 0)/3 is divided by b?
3
Let j(d) = -3*d - 14. What is the remainder when j(-10) is divided by 9?
7
Let v(d) = -d**2 + 14*d - 9. Let a be v(11). Suppose -2*b - 4*r + 5 = -3*b, -4*b + 5*r + a = 0. Calculate the remainder when 32 is divided by b.
10
Suppose 6*v = -t + 3*v - 112, 251 = -2*t + 3*v. Let a = -82 - t. Calculate the remainder when a is divided by 21.
18
Let k = -15 + -5. Let b = 53 + k. What is the remainder when b is divided by 17?
16
Suppose 386 = 5*c - 44. Let d = c - 31. Calculate the remainder when d is divided by 19.
17
Let o(v) = -v**2 + 4*v + 6. Calculate the remainder when 2 is divided by o(5).
0
Let d(k) = -3*k**2 + 23*k + 13. Calculate the remainder when d(7) is divided by 6.
3
Let z be (-415)/(-3) + 4/(-12). Suppose 0 = -6*q + 7*q - 9. Calculate the remainder when z/4 + 3/(-6) is divided by q.
7
Suppose 858 = -4*t + 2134. Calculate the remainder when t is divided by 40.
39
Let n = 25 + -4. What is the remainder when 81 is divided by n?
18
What is the remainder when 47 is divided by 11/(55/90) + -1?
13
Let c(n) = -n**3 + 8*n**2 - 7*n + 3. Let y be c(7). Suppose 3 - 63 = -y*o. What is the remainder when o is divided by 6?
2
Suppose 28*b - 26*b = 28. Let p = b - 0. What is the remainder when 26 is divided by p?
12
Let f = 6 - 0. Let a = -2 + f. Suppose -a = -2*u + 12. Calculate the remainder when 22 is divided by u.
6
Let a(n) = n**2 - 4*n - 6. Let v be a(8). Suppose 27 + v = k. What is the remainder when k is divided by 18?
17
Suppose -15 = -2*y - y. Let n = -2 + 5. Suppose 0*o + 12 = n*o, -3*o + 4 = -4*x. What is the remainder when y is divided by x?
1
Let z(u) = -7*u**2 + 30*u + 31. Let x(q) = 3*q**2 - 15*q - 15. Let v(a) = -5*x(a) - 2*z(a). Calculate the remainder when v(12) is divided by 17.
15
Suppose -5*z + 9 = -6. Suppose 3*g - 52 = -g + z*a, 3*g - a - 39 = 0. What is the remainder when g is divided by 5?
3
Let w = -2 + 8. Let c = -3 + w. Calculate the remainder when ((-7)/(-3))/((-2)/(-6)) is divided by c.
1
Let j(s) = s**2 + 2*s - 1. Let o be j(-4). Suppose 3*r - o = -1. What is the remainder when r is divided by -4 - -9 - (-9)/(-3)?
0
Suppose -5*d + 41 = 3*k, 5*d - 2*k = 36 + 20. Suppose 5*t - 15 = 5. Calculate the remainder when 1 - (-3)/6*d is divided by t.
2
Suppose -r = -2*r. Let o = 0 - r. What is the remainder when 13 is divided by (5 - (o - -1)) + 1?
3
Let a = -4 - -3. Calculate the remainder when 19 is divided by a - (3 - 6) - -8.
9
Let y = -9 - -6. What is the remainder when (-2)/y + 201/9 is divided by 6?
5
Calculate the remainder when 61 is divided by 1*14 + (2 - 0).
13
Let v(q) = -2*q - 1. What is the remainder when 42 is divided by v(-6)?
9
Suppose -4*x - 2*x = -636. Let d(l) = -l**3 + 7*l**2 - l - 3. What is the remainder when x is divided by d(6)?
25
Let k = 26 + -13. Let z = 13 - 9. What is the remainder when k is divided by z?
1
Suppose 2*a + 5*x = 12, -a = -5*x + 20 + 4. Suppose -58 = -3*l + l. Calculate the remainder when l is divided by (11 + -5)/(a/(-10)).
14
Suppose 16 = 3*q - 5*i - 5, 4*q - 5*i - 23 = 0. Suppose 430 = q*l + 3*l. What is the remainder when l is divided by 22?
20
Let r be 2/2*10*-1. Let p(j) = -j**3 - 11*j**2 - 11*j - 4. Calculate the remainder when p(r) is divided by 2.
0
Let f be (0 - (-12)/10)*5. Suppose 2*i = f*i. Suppose -s + 9 + i = 0. Calculate the remainder when 16 is divided by s.
7
Let h = 11 - 6. Suppose q = h - 4. What is the remainder when (0 - q) + (0 - -42) is divided by 14?
13
Let w = -4 - -2. Let i be w*1 - (-1 - 2). Calculate the remainder when (i - (1 - -2)) + 11 is divided by 5.
4
Let y(v) = v**2 + 5*v + 5. Let o be y(-7). Let i = o + -7. Calculate the remainder when 23 is divided by i.
1